529
What are the prime factors of 4362165?
3, 5, 31, 53, 59
List the prime factors of 6595290.
2, 3, 5, 13, 1879
List the prime factors of 515145.
3, 5, 61, 563
List the prime factors of 1787915.
5, 357583
List the prime factors of 3618527.
11, 101, 3257
What are the prime factors of 152909?
152909
List the prime factors of 447405.
3, 5, 7, 4261
What are the prime factors of 219555?
3, 5, 7, 17, 41
What are the prime factors of 61170?
2, 3, 5, 2039
List the prime factors of 407005.
5, 81401
What are the prime factors of 656278?
2, 7, 46877
What are the prime factors of 969090?
2, 3, 5, 32303
List the prime factors of 2213641.
509, 4349
What are the prime factors of 612814?
2, 306407
List the prime factors of 6921875.
5, 443
What are the prime factors of 14204038?
2, 1259, 5641
What are the prime factors of 229658?
2, 11, 13, 73
List the prime factors of 1837629.
3, 73, 2797
List the prime factors of 10994132.
2, 29, 94777
What are the prime factors of 128723?
7, 37, 71
List the prime factors of 3738771.
3, 59, 2347
List the prime factors of 1314726.
2, 3, 7, 23, 1361
What are the prime factors of 2518412?
2, 13, 19, 2549
List the prime factors of 2069834.
2, 13, 79609
What are the prime factors of 13090713?
3, 4363571
List the prime factors of 36205171.
233, 155387
List the prime factors of 5871149.
59, 191, 521
List the prime factors of 6904887.
3, 11, 89, 2351
What are the prime factors of 1293360?
2, 3, 5, 17, 317
What are the prime factors of 12483?
3, 19, 73
What are the prime factors of 3590923?
7, 512989
List the prime factors of 4903527.
3, 197, 8297
What are the prime factors of 2875047?
3, 7, 79, 1733
What are the prime factors of 159952?
2, 13, 769
What are the prime factors of 4389290?
2, 5, 31, 14159
What are the prime factors of 2768628?
2, 3, 230719
List the prime factors of 1755821.
1755821
What are the prime factors of 415316?
2, 11, 9439
What are the prime factors of 8858172?
2, 3, 43, 17167
List the prime factors of 64166.
2, 32083
What are the prime factors of 653352?
2, 3, 7, 3889
List the prime factors of 1106968.
2, 138371
What are the prime factors of 672148?
2, 168037
What are the prime factors of 579707?
579707
List the prime factors of 2171281.
7, 313, 991
List the prime factors of 136219.
179, 761
What are the prime factors of 707140?
2, 5, 7, 5051
What are the prime factors of 5380?
2, 5, 269
List the prime factors of 477804.
2, 3, 29, 1373
List the prime factors of 4833274.
2, 61, 173, 229
List the prime factors of 56475.
3, 5, 251
List the prime factors of 13306930.
2, 5, 7, 13, 2089
List the prime factors of 2585746.
2, 149, 8677
List the prime factors of 10218701.
29, 352369
List the prime factors of 105642.
2, 3, 5869
What are the prime factors of 186348?
2, 3, 53, 293
List the prime factors of 2968423.
1039, 2857
List the prime factors of 12988907.
31, 418997
What are the prime factors of 1180893?
3, 7, 53, 1061
List the prime factors of 234807.
3, 23, 41, 83
What are the prime factors of 381302?
2, 83, 2297
What are the prime factors of 4340717?
409, 10613
List the prime factors of 35925.
3, 5, 479
List the prime factors of 217572.
2, 3, 18131
List the prime factors of 2549428.
2, 7, 83, 1097
What are the prime factors of 279162?
2, 3, 13, 1193
What are the prime factors of 7183323?
3, 7, 41, 103
List the prime factors of 3570722.
2, 37, 73, 661
What are the prime factors of 5658159?
3, 13, 59, 2459
List the prime factors of 312918.
2, 3, 52153
What are the prime factors of 2165111?
13, 29, 5743
What are the prime factors of 1002526?
2, 7, 101, 709
List the prime factors of 4616642.
2, 2308321
What are the prime factors of 1017833?
37, 27509
What are the prime factors of 83476?
2, 41, 509
What are the prime factors of 139369?
139369
List the prime factors of 36978192.
2, 3, 491, 523
List the prime factors of 3956.
2, 23, 43
What are the prime factors of 7240809?
3, 2413603
List the prime factors of 4263440.
2, 5, 137, 389
List the prime factors of 2946324.
2, 3, 245527
What are the prime factors of 297031?
7, 42433
What are the prime factors of 337923?
3, 37547
List the prime factors of 368074.
2, 7, 61, 431
List the prime factors of 2668486.
2, 137, 9739
What are the prime factors of 1393035?
3, 5, 7, 13267
List the prime factors of 470136.
2, 3, 19, 1031
What are the prime factors of 10366890?
2, 3, 5, 59, 5857
What are the prime factors of 1453225?
5, 58129
What are the prime factors of 138404?
2, 7, 4943
List the prime factors of 23155568.
2, 1447223
What are the prime factors of 34608?
2, 3, 7, 103
List the prime factors of 7355594.
2, 17, 47, 4603
What are the prime factors of 50575?
5, 7, 17
List the prime factors of 455428.
2, 41, 2777
What are the prime factors of 277687?
277687
List the prime factors of 4414757.
29, 41, 47, 79
List the prime factors of 20483993.
20483993
List the prime factors of 270757.
73, 3709
What are the prime factors of 16444634?
2, 239, 34403
List the prime factors of 895007.
895007
What are the prime factors of 153276?
2, 3, 53, 241
List the prime factors of 2774615.
5, 554923
List the prime factors of 5269.
11, 479
What are the prime factors of 3435?
3, 5, 229
List the prime factors of 30036320.
2, 5, 347, 541
What are the prime factors of 310391?
79, 3929
List the prime factors of 1748604.
2, 3, 11, 13, 1019
What are the prime factors of 482628?
2, 3, 37, 1087
What are the prime factors of 1196620?
2, 5, 19, 47, 67
List the prime factors of 2925009.
3, 325001
What are the prime factors of 513008?
2, 32063
List the prime factors of 20862021.
3, 1699, 4093
What are the prime factors of 32913582?
2, 3, 13, 571, 739
List the prime factors of 17950746.
2, 3, 11, 271981
What are the prime factors of 9187723?
9187723
What are the prime factors of 7260742?
2, 3630371
What are the prime factors of 365340?
2, 3, 5, 6089
List the prime factors of 831031.
831031
List the prime factors of 5681822.
2, 2840911
List the prime factors of 799941.
3, 266647
List the prime factors of 2547754.
2, 11, 115807
What are the prime factors of 33290772?
2, 3, 43, 149, 433
List the prime factors of 172632.
2, 3, 7193
List the prime factors of 277508.
2, 7, 11, 17, 53
List the prime factors of 6426807.
3, 19, 137, 823
What are the prime factors of 930122?
2, 465061
List the prime factors of 542420.
2, 5, 37, 733
What are the prime factors of 384890?
2, 5, 11, 3499
What are the prime factors of 3374174?
2, 1687087
List the prime factors of 515.
5, 103
List the prime factors of 813057.
3, 7, 5531
What are the prime factors of 6362835?
3, 5, 23, 18443
What are the prime factors of 9560304?
2, 3, 13, 5107
List the prime factors of 26289876.
2, 3, 2190823
What are the prime factors of 130049?
47, 2767
List the prime factors of 167357.
101, 1657
List the prime factors of 78817.
269, 293
List the prime factors of 4017467.
41, 97987
List the prime factors of 343869.
3, 83, 1381
List the prime factors of 15360198.
2, 3, 7, 29, 12611
List the prime factors of 677884.
2, 169471
List the prime factors of 1063504.
2, 13, 5113
List the prime factors of 3561984.
2, 3, 773
What are the prime factors of 2133958?
2, 1066979
What are the prime factors of 2228581?
17, 337, 389
What are the prime factors of 564001?
751
List the prime factors of 2443073.
37, 66029
List the prime factors of 10201431.
3, 137, 24821
List the prime factors of 19434.
2, 3, 41, 79
What are the prime factors of 159428?
2, 39857
What are the prime factors of 377734?
2, 7, 26981
What are the prime factors of 5444803?
7, 13, 59833
List the prime factors of 32171276.
2, 17, 191, 2477
What are the prime factors of 3212536?
2, 401567
List the prime factors of 14187494.
2, 59, 120233
List the prime factors of 47176.
2, 5897
What are the prime factors of 1316853?
3, 146317
List the prime factors of 4281900.
2, 3, 5, 7, 2039
List the prime factors of 554771.
7, 41, 1933
What are the prime factors of 7815062?
2, 53, 73727
What are the prime factors of 79940?
2, 5, 7, 571
List the prime factors of 2423361.
3, 807787
List the prime factors of 10055147.
1889, 5323
What are the prime factors of 180497?
180497
What are the prime factors of 17714410?
2, 5, 7, 253063
List the prime factors of 13041311.
797, 16363
What are the prime factors of 1429246?
2, 7, 